the units digit of n?
7
Let i = 1261 + -1232. Let s(b) = -b**2 - 3*b + 2. Let t be s(-4). What is the units digit of i + t/(-1) + -2 + 3?
2
Let l(r) = -40*r + 56. Let v be l(3). Let s = v - -223. What is the hundreds digit of s?
1
Let g be -1 + 1246 + -5 + 3. What is the units digit of g/3 + (-1)/3?
4
Let d = 5729 + -5421. What is the tens digit of d?
0
Let g(w) = -w**3 + 27*w**2 + 29*w + 89. Suppose 296 - 72 = 8*a. What is the tens digit of g(a)?
1
Let l(m) = -5*m + 25. Let c be l(5). Suppose c = 7*k - 14*k + 4151. What is the tens digit of k?
9
Let q be 14/21 - 70/15. What is the units digit of (q/2 - 0)/(33 + -34)?
2
Let r(h) = 12*h**3 - 14*h**2 + 14*h - 39. Let g(q) = -4*q**3 + 5*q**2 - 5*q + 13. Let x(o) = -17*g(o) - 6*r(o). What is the tens digit of x(-5)?
8
Suppose -h = 4, -3*m - 2*h + 7*h = -26. Suppose f - m + 4 = 0, -171 = -w - 3*f. Suppose -5*c - 80 + 290 = -r, 0 = 4*c + r - w. What is the tens digit of c?
4
Suppose 0 = 15*s + 10*s - 575. Suppose 0*x + 78 = 3*l - 3*x, l - 2*x = s. What is the tens digit of l?
2
Let j(t) = 772*t + 2271. What is the units digit of j(6)?
3
Let h(p) = -p**3 - 12*p**2 - 14*p + 22. Let s be h(-18). Suppose 0 = -2*i + s + 2. What is the tens digit of i?
1
Suppose 2*l - 8744 = 6*l - 5*z, z = l + 2187. What is the hundreds digit of l/(-5) + (70/50)/(-7)?
4
Suppose 4*r + 1 - 5 = 2*f, 0 = -4*f. Let w be r/(-4) + (-27)/36. What is the units digit of w*(-121 - 2/2)?
2
Suppose -o - n + 9152 = 0, -6*o + 53*n = 56*n - 54921. What is the thousands digit of o?
9
Let k(w) = 62*w - 55*w + 50*w**2 + 6 + 14 - 18*w**2. What is the units digit of k(-4)?
4
Let q be 7 - 10 - -285 - -6. Let g = 449 - q. What is the hundreds digit of g?
1
Let j be (8/(-6))/(-3*(-6)/(-54)). Suppose 422 = 2*f - j*y, -y = 2*f + 66 - 493. What is the hundreds digit of f?
2
Let m = -27 - -15. Let y(l) = 3*l**3 + 13*l**2 - 15*l - 27. Let d(c) = c**3 + c**2 + 1. Let g(q) = -2*d(q) + y(q). What is the units digit of g(m)?
7
Suppose 2880 = -11*a + 3*a. Let d = a + 576. What is the tens digit of d?
1
Suppose 3*s = -3*z - 0*s + 1014, -2*s = 4. Suppose -2*q + 793 = -717. Suppose -3*x = 5*v - q, -3*v - 4*x + z = -124. What is the tens digit of v?
4
Let a(x) be the second derivative of -x**4/12 + x**3/6 + 37*x**2 - 126*x + 1. Let m be 0 - 0/(-2 + 3). What is the tens digit of a(m)?
7
Suppose -l + j = -34, 3*l - 120 + 8 = -2*j. Suppose -42556 = -l*z + 2732. What is the thousands digit of z?
1
Suppose x + x = -2, 0 = -z + 3*x - 4. Let a(f) = -9*f - 1. Let l be a(z). Let g = -32 + l. What is the tens digit of g?
3
Let l be ((-68)/(-8) - 2) + (-1)/(-2). Suppose 0 = -4*t - d + l, 0*d - 10 = -3*t + 4*d. What is the hundreds digit of 399/(t + 1)*(-3)/(-3)?
1
Let s(a) = -6*a**3 + 2*a**2 - 2*a + 2. Let x(v) = 12*v**3 - 5*v**2 + 4*v - 4. Let m(g) = -7*s(g) - 3*x(g). Let n be 0 + 3/3*2. What is the tens digit of m(n)?
5
Let x(v) = -7*v**2 + 2*v + 5. Let b be x(5). Let g = -86 - b. What is the units digit of g?
4
Let a(g) = -56*g**2 - 18*g + 2. Let n be a(2). Suppose -3*v - 4*k - 383 = -0*k, -5*v - 625 = 4*k. Let l = v - n. What is the units digit of l?
7
Let d(y) = -y**3 - 6*y**2 - 9*y - 31. Let p be -3 - (3 + 4) - (2 - 5). What is the units digit of d(p)?
1
Let l = -2060 - -6076. Suppose -l = -149*o + 145*o. What is the hundreds digit of o?
0
Suppose 0 = z + 938 - 351. Let v = 610 + z. What is the units digit of v?
3
Suppose -2*t - f = -1243, 0 = -4*t + 5*f - f + 2456. Suppose -t - 216 = -w. What is the hundreds digit of w?
8
Suppose 3941 = 4*b + 13937. Let i = -1485 - b. What is the hundreds digit of i?
0
Suppose 96 = -2*c + h - 6*h, 5*c + 2*h = -219. Let d = -38 - c. Suppose -b + 45 = -d*m, -123 = 3*b - 6*b + 3*m. What is the units digit of b?
0
What is the tens digit of ((-3718)/10 + -1)*((-63)/42 - 1)?
3
Suppose -93*d = -105*d. Let z be 2/5 + (-23)/(-5). Suppose 265 = t - b + 64, z*b - 10 = d. What is the hundreds digit of t?
2
Suppose 45*k + 4*g = 42*k + 62203, 0 = k - 4*g - 20713. What is the units digit of k?
9
Suppose s - 5050 = -r, 4*s + 4928 - 20076 = -3*r. What is the units digit of r?
2
Suppose -4*r - 5*u - 8 = 0, 1 = r + 3*u + 10. Suppose -2*s + r*s = -7*s. Suppose -80*l + 76*l + 364 = s. What is the tens digit of l?
9
Let z(w) = 2*w**3 - 12*w**2 + w + 213. What is the units digit of z(23)?
2
What is the tens digit of ((-297)/(-18))/((-27)/(-21852))?
5
Let w be 5443 - (-13 - (-60)/10). Suppose -49*a = -4*s - 52*a + w, -5*s + 6812 = 4*a. What is the tens digit of s?
6
Let j(u) = 66*u**3 + 28*u**2 - 189*u + 71. What is the hundreds digit of j(5)?
0
Let i(c) be the third derivative of 79*c**4/24 - 3*c**3/2 + 6*c**2 - 1. What is the hundreds digit of i(3)?
2
Let c(a) = -22*a**2 + 12249. What is the ten thousands digit of c(0)?
1
Let b(g) be the second derivative of g**4/6 - g**2 - 25*g. Let z be b(2). Suppose z*q = 5*q + 218. What is the tens digit of q?
1
Let t(n) = n**2 + 3*n - 639. What is the hundreds digit of t(76)?
3
Suppose 2*b + 5*k = 44, -b + 5*k - 3*k + 13 = 0. Suppose 52*r - 34155 = -b*r. What is the tens digit of r?
9
Let h = 106 - 81. Suppose 0 = -5*x - 2*c + 138, -3*c = -x - 6*c + h. Suppose x = 4*b + 4*r, 4*b + r - 36 = 5*r. What is the units digit of b?
8
What is the tens digit of (-1 - 2276/(-3))*(-76 + 103)?
5
Let i be 25/125 + (-3 - (-39)/5). Suppose -i*f + 18324 = 13*f. What is the thousands digit of f?
1
Let o(g) be the first derivative of -g**3/3 + 6*g**2 - 28*g + 15. Let k be o(8). What is the units digit of k/(-6)*8/16*-474?
8
Let f(u) = -214*u - 4551. What is the thousands digit of f(-64)?
9
Let f(d) = d**2 - d. Let u(i) = 2*i**2 - 8*i - 7. Let o(y) = 15*f(y) - 3*u(y). What is the tens digit of o(-6)?
9
Let g(k) = -12*k**2 - 4*k - 16. Let r be g(-5). Let i = r - -411. What is the tens digit of i?
1
Let l = 35 - 36. Let w(b) = b**3 - b**2 + b - 161. Let o be w(0). Let f = l - o. What is the units digit of f?
0
Let d = -12 - -102. Suppose 0 = 7*f - 13*f + d. Suppose 4*j + f = 9*j. What is the units digit of j?
3
Let n(h) be the second derivative of 32*h**4/3 - h**3/6 + 30*h. Let x be n(1). Let v = x + -66. What is the tens digit of v?
6
Suppose p - 5*n - 99 = 4302, 4*p = -n + 17709. What is the hundreds digit of p?
4
Suppose 0 = 1264*j - 1252*j - 75660. What is the units digit of j?
5
Let s(t) = 110*t**2 - 11*t - 20. Let f = 514 + -517. What is the hundreds digit of s(f)?
0
Suppose 3*i = 7 + 80. Suppose -32*d = -31*d - i. What is the tens digit of d + -3 - (-2 - 1)?
2
Suppose -8 = 6*c - 128. Suppose 7*w = 2*w - c. What is the units digit of w/22 + 1935/55?
5
Suppose -38*q - 2151 = 5227 + 3110. Let s = 163 - -406. Let y = q + s. What is the tens digit of y?
9
Let h = 168 + -169. What is the tens digit of ((-711)/18)/(h/2)?
7
Suppose 1400 = 22*z - 14*z. Let q = 201 - z. What is the tens digit of q?
2
Suppose -5*n + 0*n = -24310. Suppose -4*u + n = 1114. What is the units digit of u?
7
Suppose 5*b + 101559 = 5*k + 4*b, 3*k - 30*b - 60906 = 0. What is the ten thousands digit of k?
2
Let r(b) = 6*b**2 - 2*b**2 + 110*b + 0 + 1 - 2 + 6*b**2. What is the tens digit of r(5)?
9
Suppose -y + 3*n = 4*n - 10, -y - 2*n = -14. Suppose y*s + 53 - 53 = 0. Suppose -2*t - 4*x + 466 = s, 4*t = 3*x - 8*x + 926. What is the hundreds digit of t?
2
Let k = -348 - -351. Suppose -5*y - 542 = 2*a - k*a, 0 = 5*a + y - 2840. What is the tens digit of a?
6
What is the units digit of 19712/336 - (-11)/(-3)?
5
Suppose 14*k - 46920 = -4*k - 2*k. What is the units digit of k?
6
Suppose 3*v - 33021 = -3*o, -o - 20 + 22 = 0. What is the hundreds digit of v?
0
Suppose -134*s + 33*s = -1226047 - 922930. What is the units digit of s?
7
Let o be ((-312)/60)/((-2)/180). Let m be (-4)/(-10) + o/(-20). Let b = m + 50. What is the units digit of b?
7
Let m = -977 - -12970. What is the hundreds digit of m?
9
Let h(j) = j - 6. Let o = 54 - 48. Let k be h(o). What is the tens digit of (k - 1) + 169 - 4?
6
Suppose 49*s - 4356 = 43*s. What is the units digit of -1 - -10*s/12?
4
Let m(s) = 5*s - 73. Let n(f) = f - 18. Let i(y) = -2*m(y) + 9*n(y). Let j be i(-14). What is the units digit of (196/14)/((-2)/16*j)?
6
Suppose -5*t - 17 - 8 = 0. What is the hundreds digit of t/((-25)/(-498))*-5?
4
Let f(k) = -k**3 + 26*k**2 - 30*k. Let o be f(20). Suppose -66*t + 76*t = o. What is the 